ts digit of d?
1
Let x(g) = 3*g**2 - 36*g + 11. Suppose -5*k + 46 + 24 = 0. What is the tens digit of x(k)?
9
Suppose -3*n - 5*u = 2*n - 15, -11 = -n + 3*u. Suppose 5*j - 679 = -0*j + s, n*s = 5*j - 695. What is the tens digit of j?
3
Let m(u) = u**3 + u**2 + 2*u. Let v be m(-4). Let d = 58 + v. What is the units digit of 225 + -7 + 8 + 6/d?
9
Suppose -z + 10*j + 2623 = 6*j, 13040 = 5*z - 5*j. What is the hundreds digit of z?
6
Let p be 1/3 - -2*(-8968)/(-48). Let c = p + -219. What is the units digit of c?
5
Suppose -4*z = -12, 7*t - 4*t = -3*z + 21. What is the hundreds digit of (4 - 202/(-10) - t)*5?
1
Let o be (0 + 2)*(-135)/6. What is the units digit of 885/o*((-1 - -2) + -4)?
9
Suppose 58*c - 339 = -3993. Let q be -9*(-11 - (0 + -2)). Let p = c + q. What is the units digit of p?
8
What is the units digit of (-11634250)/(-2422) + ((-3)/(-3) - (-8)/(-14))?
4
Let w(v) = v**3 - 12*v**2 + 16*v + 1. Suppose 0 = -5*h - 4*g + 248, -g = 5*h - 0*g - 257. Suppose -7*u - h = -129. What is the units digit of w(u)?
6
Suppose -12*o + 639 = -3*o. Suppose 0 = -4*c - o + 43. What is the units digit of 7*11*(-7)/c?
7
Let f(v) be the first derivative of -v**3 + 212*v - 45. What is the units digit of f(0)?
2
Let i(t) = -75 + 28 + 35*t - 55*t - 43*t - 21*t. What is the hundreds digit of i(-4)?
2
Suppose -2*h + 29 = 25. Let v(z) = 2*z**3 - 6*z**2 + 7*z - 5. Let m be v(h). What is the tens digit of 82 + m + 0 + (2 - 5)?
8
Suppose -2*g + 29100 = -4*d + 1358, 0 = -3*g - d + 41550. What is the ten thousands digit of g?
1
Let t be -2 - -14*(-4)/((-24)/69). Let c = t - -23. What is the units digit of c?
2
Suppose -16*y = -5*y + 55. What is the hundreds digit of (126/35)/(-9) + (-4652)/y?
9
Let p(m) be the third derivative of -m**7/1260 - 7*m**6/360 + 29*m**5/60 + 33*m**2. Let t(w) be the third derivative of p(w). What is the units digit of t(-14)?
2
Let j = -324 - -332. What is the tens digit of j/((-200)/15)*-1*515?
0
Suppose -45*x + 265368 = -21*x. What is the hundreds digit of x?
0
Let v(t) = t**3 - 2*t**2 + t + 12. Let f be v(-5). Let w = f - -16. Let n = -103 - w. What is the units digit of n?
9
Let a = 26 - 8. Let i(n) be the third derivative of n**4/4 - 7*n**3/2 - 4*n**2 - 9. What is the tens digit of i(a)?
8
Suppose -w = -4*n + 23012, 23024 = 2*n + 2*n - 4*w. What is the tens digit of n?
5
Let l = -10976 - -16221. What is the thousands digit of l?
5
Let h(y) = -y**3 - 29*y**2 - 240*y + 206. What is the hundreds digit of h(-32)?
9
Suppose 157530 + 353685 = 11*k + 4*k. What is the units digit of k?
1
Let z(s) = 32*s**2 + 4*s - 14. Let h(o) = 31*o**2 + 3*o - 13. Let g(w) = 3*h(w) - 2*z(w). Let b be g(3). Let n = -34 + b. What is the hundreds digit of n?
2
Let f be (-1)/(-2)*7120/10. Suppose 0 = -2*i - r + 173, 3*i + 4*r - f = -i. Let c = i + -8. What is the units digit of c?
6
Let v(i) = 9*i**2 - 14*i + 77. Let a = 941 - 927. What is the thousands digit of v(a)?
1
Suppose 13*y + 25600 = 53*y. Suppose -y*w = -644*w + 2392. What is the hundreds digit of w?
5
Suppose a + 16*a = 34. Let i(z) = 3*z - 1. Let v be i(5). What is the tens digit of ((-2)/a)/(v/(-154))?
1
Suppose -19253 - 9421 = -162*x. Suppose g + 1160 = 5*g. Let p = g - x. What is the units digit of p?
3
Let d(g) = 2*g**2 + 5*g - 8. Let l be d(-4). What is the units digit of 790 + l*(-4)/8 - 5?
3
Let k(g) = 11*g - 188. Let s be k(29). What is the tens digit of s - (-1 + 3 + 4)?
2
Let m = 66 + -66. Suppose 5*f + a - 1950 = m, -8 + 3 = -a. What is the units digit of f?
9
Let v(z) = 2*z**3 - 80*z**2 + 322*z - 63. What is the units digit of v(41)?
1
Let h(d) = d**2 + d - 1. Let t be h(-3). Let b be 50/20*12/10. Suppose o = -u + 28, -b*o + t*u = -109 + 9. What is the tens digit of o?
3
Let f be (136/(-119))/((-2)/2317). Let m = f + -161. What is the thousands digit of m?
1
Suppose -76*y + 1545280 = 58*y - 24*y. What is the units digit of y?
8
Let u(k) = 1099*k**3 - 47*k**2 + 133*k + 6. What is the thousands digit of u(3)?
9
Suppose 4*l + 6*l - 8*l = 0. Suppose -3*j + 766 + 8 = l. What is the hundreds digit of j?
2
Let m(o) = 17*o + 26. Let j(b) = 3*b - 25. Let h be j(12). What is the units digit of m(h)?
3
Let v(p) = 33 + 40 - 30 - 33*p - 36*p. What is the hundreds digit of v(-5)?
3
What is the hundreds digit of (-47)/(-188) - (-2)/(-8)*-14655?
6
Suppose -9*m + 77*m + 3*m = 721928. What is the thousands digit of m?
0
Suppose 3*n - 846 = y, 1316 = 5*n + 5*y - 134. Let z be 282/(-9)*1*-3. Let o = n - z. What is the tens digit of o?
9
Let q(s) = s**2 - s - 22. Let o be q(-6). Suppose -17*w - 1335 = -o*w. What is the tens digit of w?
4
Suppose 2*z - 20109 = -v, -45*v + 80441 = -41*v + 3*z. What is the hundreds digit of v?
1
Let b(w) = -22*w + 134. Let o be b(6). What is the hundreds digit of 364/o + 0/(-5)?
1
What is the tens digit of (-1026)/(-45)*(-20350)/(-22)?
9
Let s(b) = 16*b + 74. Let c be s(-16). Let v = 601 + c. What is the units digit of v?
9
Suppose -3*x + m = -x + 71, -2*x = 5*m + 77. Let w(l) = 2*l**2 - 9*l - 8. Let z be w(5). What is the units digit of (168/16)/(z/x)?
6
Let u(j) = 6*j - 2*j + 3 + 2*j**2 + j + 0*j. Let r be u(-3). Suppose r*c - 732 = 3*c. What is the units digit of c?
4
Suppose -12*q - 66 = 570. Let b = 59 + q. What is the hundreds digit of -4 + -12*(-68)/b?
1
Suppose -18*t + 107 - 17 = 0. Suppose t*h = 1105 + 1760. What is the tens digit of h?
7
Suppose -9*d + 76586 + 18718 - 13701 = 0. What is the thousands digit of d?
9
Suppose 5*p + i - 42056 = -10937, -5*p - 5*i = -31135. What is the tens digit of p?
2
Suppose -u = 3*x - 15, -x + 1 + 4 = 3*u. Let d be ((-4)/6)/(-2)*(-3084)/(-257). Suppose 745 = x*n + 5*g, g = 2*n - d*g - 284. What is the units digit of n?
7
Suppose 2030*w = 2024*w - 936. Let p = w - -262. What is the tens digit of p?
0
Let j = 48639 - -28375. What is the thousands digit of j?
7
Suppose 0 = 5*a - 4*q - 16396, -6*a + 3*a = 3*q - 9789. What is the tens digit of a?
7
Suppose -11634 = -38*s + 17*s. What is the tens digit of s?
5
Let u = 111 - 289. Let q = 1297 + u. What is the thousands digit of q?
1
Suppose 7*n - 3821 - 183 = 0. Suppose 4*k = 3*m - 408, 4*m - 3*k = -7*k + n. What is the hundreds digit of m?
1
Let a = 25396 - 18058. What is the tens digit of a?
3
Suppose 145712 = 4*w - z - 3*z, -2 = z. Suppose -39*p + w = -13*p. What is the hundreds digit of p?
4
Suppose -p - 33 = -o - 6*p, -p + 5 = 0. Suppose 0 - o = -k. What is the units digit of (-9 + 20)/(1/k)?
8
Suppose -6*r - 51 + 69 = 0. Suppose z = -r*g + 981, 5*g + 4905 = -16*z + 21*z. What is the units digit of z?
1
Suppose 5*j - 3*w + 4626 = 0, -8*w = 4*j - 4*w + 3720. What is the tens digit of (j - -1)*(-28)/56?
6
Let o = 707 - -415. Suppose -o = -17*h + 1071. What is the units digit of h?
9
Let q = 1259 - 341. Suppose 7*f - q = 440. Suppose 3*c - f = 445. What is the hundreds digit of c?
2
Let u be (2/(-12)*0)/2. Suppose 5*y - 3*y + 5*b - 452 = 0, -5*y + 3*b + 1161 = u. What is the hundreds digit of y?
2
What is the tens digit of ((-2)/8)/(12/(-1858704))?
2
Let g(o) = 7*o - 16. Let m be g(4). Suppose -4*w + m - 42 = -2*r, 2*r = 2*w + 36. What is the tens digit of (-22)/(r/56*(-1)/3)?
7
Let p = -57 - -60. Suppose h - 7 = -h + 3*j, -j + 5 = p*h. What is the tens digit of -2*((-13)/2 - (-2 + h))?
1
Suppose 45*v - 247678 = 156615 + 55832. What is the hundreds digit of v?
2
Let s(a) = -a**3 + 55*a**2 - 88*a + 1448. What is the hundreds digit of s(46)?
4
Suppose 4*q - 2828 = -0*i - 2*i, -i + 2123 = 3*q. Let t = q - 53. What is the tens digit of t?
5
Let a be (624/(-40))/((-1149)/570 + 2). What is the tens digit of (-1 + a - 6) + -7?
7
Suppose 7 = -d + 2*d. Suppose 2*y + 11 + 27 = -2*h, -5*h + d = -y. Let l = 37 + y. What is the units digit of l?
0
What is the units digit of (44/1)/((-107)/(-9202))?
4
What is the ten thousands digit of (408/68)/((-24)/(-133708))?
3
Let c(t) = 139*t**2 - 118*t - 515. What is the hundreds digit of c(20)?
7
Let t(j) = 6*j**3 - 10*j**2 + 8*j - 4. Let z be 4*3/(-12) + 6. What is the tens digit of t(z)?
3
Suppose -44*w = -23*w - 155337. What is the tens digit of w?
9
Suppose -5*u - 100969 = 40*u - 599839. What is the hundreds digit of u?
0
Suppose 2*u - c = 7*u - 2599, -4*u + c = -2081. Let v = u + -477. What is the tens digit of v?
4
Suppose -30 = -b - 5*f, -8*b - 3*f = -3*b -